4 - o**3/3 + o**2. Let z = -45 + 48. Suppose z*a - 2 = -17. Give v(a).
-7
Let c(x) be the third derivative of -1/120*x**6 - 1/3*x**3 + 7/24*x**4 + x**2 + 0 + 1/12*x**5 + 0*x. Suppose -3*o + 12 = -o. Calculate c(o).
4
Let c(q) = q**3 + 14*q**2 + 5. Let t be c(-14). Suppose k + t*u - 10 = 0, 44 = 5*k + 3*u - 6. Let f be 4/k*(-10)/2. Let m(w) = -2*w**2 + 2*w + 3. Give m(f).
-9
Let u(m) = -439*m**3 - 7*m + 438*m**3 + 9 + 9*m**2 - m. Let i = 2 - -6. Calculate u(i).
9
Let m = 11 - 8. Let z(i) = 2*i + 3*i - 6*i - m*i**2 + i**2. Suppose 0 = 4*q + 3*o + 14, -q = 2*q + 3*o + 12. Determine z(q).
-6
Let y(s) be the second derivative of 3*s**5/10 - s**4/6 + s**2/2 + 46*s. Let c = -5 - -3. Let u be (2*1/c)/1. Give y(u).
-7
Let l(w) = w - 2. Let j(z) = -2 - 1 - 2 + 2*z + 10. Let m be j(-5). Let h be m + 9 + 1*2. What is l(h)?
4
Let t(u) = -u**3 + 2*u**2 - 3*u. Let w(y) = 2*y**3 + 16*y**2 + 16*y + 16. Let l be w(-7). Determine t(l).
-6
Suppose 0*a - 3*a = -6. Let z(k) = k**3 - 3*k**a + 1 - 2*k**3 - 144*k + 150*k. Calculate z(-4).
-7
Let f(u) = -14*u - 9*u + 17 + 32*u - 13*u. Determine f(8).
-15
Suppose r - 2*n + 25 = 6*r, 2*r - n - 10 = 0. Let i(g) be the third derivative of g**5/60 - g**4/24 - 2*g**3/3 + 5*g**2 + 180*g + 1. Determine i(r).
16
Let u(a) = -2*a - 17. Let o be u(-7). Let f(b) = b**2 + b. Give f(o).
6
Let q(a) be the second derivative of -a**5/20 + 17*a**4/12 - a**3/3 + 21*a**2/2 + 4*a - 35. Determine q(17).
-13
Let l(y) = -2*y**2 - 129 + 3*y**2 + 121. Determine l(5).
17
Let p = 8 + -27. Let y = p - -23. Let l(s) = -s**3 + 3*s**2 + 4*s + 3. Give l(y).
3
Let l(r) = r**3 - 3*r**2 - 2*r - 5. Let c be l(4). Let v(t) = -1 - 39*t**3 - 3*t + 41*t**c + 4 - 2. Calculate v(2).
11
Let w(t) = -t**3 - 4*t**2 + t - 7. Let r be 54/6 - 1/(-1). Suppose r*m - m + 45 = 0. What is w(m)?
13
Let k(z) = 2*z + 6. Let c(g) = -1. Let u(v) = -4*c(v) - k(v). What is u(-1)?
0
Let b(s) = s**2 + s + 7. Let f(u) = 2*u + 14. Suppose 9*j + 82 - 19 = 0. Let l be f(j). What is b(l)?
7
Let t(k) = k**3 - 8*k**2 + 10*k + 8. Let q(i) = i**3 - 7*i**2 + 12*i - 4. Let g be q(5). Calculate t(g).
-4
Let o(z) = z**3 + 6*z**2 - z - 3. Let v be 51 - 50 - (0 + 7). Calculate o(v).
3
Let p(l) = l**2 + 8*l + 4. Suppose -3*y - 10 = 4*j, 5*y - 14 + 38 = -3*j. What is p(y)?
-8
Let j(o) be the first derivative of -o**3/3 - 2*o**2 - 3*o - 10. Let t be j(-3). Let d(i) = i**3 + i**2 + i + 3. Determine d(t).
3
Let g(x) = -2*x**3 - 11*x**2 - 3*x - 17. Let y be g(-5). Let a = y + 25. Let p(s) = -2*s + 1. Give p(a).
5
Let b(l) be the first derivative of l**2 + 2*l + 1. Let r = -24664 - -24661. Give b(r).
-4
Suppose -3*j + 4*j - 2 = 0. Let k(h) = 2*h**2 - 2*h**2 - 3 + 6*h - h**j. What is k(5)?
2
Suppose -7 = -2*y - 1. Suppose -y*p + 5 = -10. Suppose -3*v - 13 = -v + k, 5*k = -p. Let r(u) = -2*u - 9. What is r(v)?
3
Suppose -3*f + 14 = -5*f. Let j = -34 + 37. Let b(x) = -j + 11*x - 6*x - 4*x. Determine b(f).
-10
Let x be (1 + -1)*2/2. Let t(u) be the second derivative of u**4/12 + u**3/6 + 5*u**2/2 + u. Determine t(x).
5
Let k(l) = 13*l + 7. Let v(i) = 13*i + 8. Suppose -5*b = 7*y - 4*y - 22, -3*y + 6 = -3*b. Let t be -21*(-1 + y/3). Let g(d) = t*k(d) + 6*v(d). What is g(-1)?
12
Suppose y + 3*y = 0. Let b(c) = -c**3 - c + 1. Let n be b(y). Let s(r) = 1 - n + 11*r + 1. Determine s(-1).
-10
Let x(c) = -6*c + 4. Let l = 6 + 8. Suppose 6*n = 5*n + l. Let q be (12/n)/(4/14). Give x(q).
-14
Suppose 29 = -3*y + 146. Let n = 35 - y. Let b(h) = h**3 + 4*h**2 + h + 5. What is b(n)?
1
Let z(x) = x - 5. Let y be z(7). Let n(k) = -7 - 2*k**y - 3*k + 1 - 2*k + k**2. Suppose -24*p - 73 - 47 = 0. Give n(p).
-6
Let v(k) be the third derivative of k**5/60 + 5*k**4/24 + 5*k**3/3 + 2*k**2 - 51*k. Suppose -3*q = -2*l + 15, -8 = -4*q + 6*q - 2*l. Determine v(q).
24
Let y(o) be the first derivative of o**7/420 + o**6/120 + o**5/60 + o**4/8 + 4*o**3 + 6. Let b(p) be the third derivative of y(p). What is b(-2)?
-5
Let p(c) = -3*c**2 - 15*c + 5. Let m be 2/(-6 + 5) - (9 + -6). Determine p(m).
5
Let x(s) = -2*s**3 - 2*s + 3. Let z(m) = 3*m**2 + 19*m - 49. Let q be z(2). Calculate x(q).
-1
Suppose l = 9*x - 4*x + 39, -2*x + l - 18 = 0. Let u(d) = 28*d - 12*d - 12*d + 9. Determine u(x).
-19
Let g(k) = -2*k - 1. Suppose -w = 3*u - 17, w - 2 = -w + 2*u. Let l be w + -5 - (-1 + 1 - 3). What is g(l)?
-7
Let r(k) = 11*k**2 - 70*k + 41. Let n(a) = 5*a**2 - 33*a + 20. Let o(w) = 9*n(w) - 4*r(w). Determine o(16).
0
Let b(y) = -y**2 - 8*y - 1. Let v(a) = 1 + 5*a - 6*a - 2. Let p(u) = -b(u) + v(u). Determine p(-5).
-10
Let r(u) = 2*u. Let z(b) = b**3 - 8*b**2 + 10*b + 8. Let i(w) = -3*r(w) + z(w). What is i(7)?
-13
Let b be 0 - (-9 - 24/(-6) - -1). Let l(p) = p**3 - 4*p**2 + 2*p. Give l(b).
8
Let a(x) = 2*x - 3*x + 2 - 2. Let g be ((-504)/(-81) - 6) + (-7)/(-9). Calculate a(g).
-1
Let b(p) = -34*p**2 + p**3 + 4 + 1 + p + 40*p**2. Let q(c) = c**3 + c**2 + 1. Let y(a) = b(a) - 2*q(a). Let i be 2 - (1 + 3 + -6). Determine y(i).
7
Suppose 0 = -4*j - 2*s - 14, 4*s = j + 6*s - 1. Let q(g) be the third derivative of g**4/12 + g**3/2 + 2*g**2. Give q(j).
-7
Let s(n) be the third derivative of n**4/12 + 11*n**3/2 + 578*n**2. Determine s(-10).
13
Let u be 14/(-6) - (-4)/(-6). Let n = u - 3. Let w be (-128)/(-20) - n/(-15). Let t(f) = -f**2 + 6*f. Calculate t(w).
0
Let n(h) = -h**2. Let a(x) = -8*x**2 + x. Let w(q) = a(q) - 4*n(q). Let r be -1 - (-6 + 9/(27/12)). Calculate w(r).
-3
Let y(o) = 3*o + 0*o + 23 - 4*o - 5*o + 8. Give y(6).
-5
Let z(v) = -v**2 - 6*v + 10. Let k be z(-6). Let l(s) = s - 15. Give l(k).
-5
Let x(l) = -5. Let i(c) = c - 41. Let j(s) = i(s) - 6*x(s). Let g = -7 - -12. Determine j(g).
-6
Let y(g) = 3*g + 3. Let z = 22 - 26. Let v be 10/(-4) + z/(-8). Give y(v).
-3
Let j(s) = 10*s + 1. Let b be j(-1). Let t be (-1)/(-2) + b/(-6). Let v = t + 3. Let o(w) = 2*w - 5. Give o(v).
5
Let v(j) = -239448 - 5*j + 239470 + j**2 - 10*j. Determine v(14).
8
Let a(o) = -2*o + 4. Let u be 21/(-6)*(-5 + 3). Suppose h + 10 = u. Give a(h).
10
Let w(p) = 3*p - 1. Let z(u) = 24*u - 149. Let n be z(6). Give w(n).
-16
Let y = -11 + 5. Let f be 24/9 + (-2)/y. Let u(m) = -2*m**2 + 4*m. Determine u(f).
-6
Let v = 37 + -36. Let k(r) = -27*r - v + 29*r + 7. What is k(6)?
18
Let c be (-3)/(-9*1)*33. Suppose c*d = 7*d + 16. Let v(a) = -a - 3*a + 3*a + d + 0. Determine v(0).
4
Suppose 3*k = 9 - 3. Let r(s) = 5 - s - k - 3 - 1. Suppose 0 = -5*w + x - 3, -3*w - 2*x = 2*x - 12. Give r(w).
-1
Let a be 2 + (4 - 5)*2. Suppose a = -3*c - 1 + 7. Let k(i) = 45*i**2 - 44*i**c - 2 - i + 2*i. What is k(-2)?
0
Let j(h) = -h**3 - 2*h**2 + 28*h + 54. Let f be j(-2). Let d(t) = 2*t. Calculate d(f).
-4
Let k(w) be the third derivative of w**6/120 + w**4/24 + w**3/6 - 76*w**2 + 4. Determine k(-1).
-1
Let k(t) be the third derivative of -t**5/60 - 5*t**4/24 + 2*t**3/3 + t**2. Let i = 218 - 224. Calculate k(i).
-2
Let s(g) = -g**2 - 5*g - 1. Let v(n) = n**2 + 6*n + 3. Let y be v(-10). Suppose -5*c - 44 = x - 2*x, -y = -2*x - 5*c. Suppose -9 = -4*i - x. What is s(i)?
-1
Let y(s) = -4*s**2 - 2*s - 3. Let u be 238/(-85) + 27/15. Determine y(u).
-5
Let h(d) = -d. Let m(n) = -n - 6. Let z = -12 - -8. Let i(v) = v + 4. Let l be i(z). Let x be m(l). Give h(x).
6
Let v(o) = -o**2 + o + 11. Let n(s) = s**2 - s - 15. Let g(f) = 5*n(f) + 6*v(f). Let y(p) = p**3 - 2*p**2 - 2*p - 3. Let q be y(3). Give g(q).
-9
Let q(p) = 9*p**3 + p**2 - 1. Let j(g) = g + 12. Let b be j(16). Let y = b + -1. Let d = -28 + y. Determine q(d).
-9
Let c(m) be the second derivative of m**4/12 - 13*m**3/6 - 3*m**2/2 - 13*m - 22. Calculate c(12).
-15
Let p(q) = -q**3 - 2*q**2 + 7*q + 6. Suppose 0 = 5*j - 9*j + c - 19, 1 = -j - c. Determine p(j).
10
Let n be (-3)/(-3) - -1 - 0. Let u(v) = 2*v - 4 + 0 - 3*v**n - 5*v + 2*v**2. Suppose -3*k = -0*k + 3, -k - 13 = 3*q. Determine u(q).
-8
Let c(f) be the first derivative of -f**4/4 - 7*f**3/3 - 7*f + 38. Determine c(-8).
57
Let z = 81 - 75. Let w(m) = m - 2*m - 5 + 4*m - 8. Calculate w(z).
5
Let m be (-121)/(-33) - 1/(-3). Suppose -4 = m*h, -3 = 4*u + 5*h + 2. Let n(r) = 2 - 4*r**2 - 18*r + 14*r + r**3 + u*r**2. Calculate n(5).
7
Let f(j) = 26*j - 9. Let z(k) = -5*k + 2. Let r(o) = 2*f(o) + 11*z(o). Let q(b) = -2*b + 3. Let p(n) = 4*q(n) - 3*r(n). Determine p(-9).
-9
Suppose -5